(-2)/x)?
6
Let y(i) = 3*i**2 - 56*i - 28. What is the tens digit of y(23)?
7
Let v = 0 - -2. Let k be v - (-3 + (-3 - 6)). Let q = k + -7. What is the units digit of q?
7
Suppose -8*v = -907 + 115. What is the units digit of v?
9
Suppose 3*m + 148 = 5*y, -84 = -3*y - m - 2*m. What is the tens digit of y?
2
Let t(u) = -u**2 - 3*u. Let f be t(-4). Let a = f + 15. Suppose 0 = -2*m + a + 15. What is the tens digit of m?
1
Let q(i) = i**3 + 2*i**2 - 2*i - 3. Let g be q(-2). What is the tens digit of 99/6 + g/(-2)?
1
Suppose 66 = 3*y - 0*y. Suppose -w = -23 - y. What is the units digit of ((-4)/6)/((-3)/w)?
0
Suppose 3*f = -5*v + 178, f + 24 + 150 = 5*v. What is the units digit of v?
5
Let m be (-1 - 1) + -1 + -10. Let q = 16 + m. What is the units digit of q?
3
Let w(i) be the first derivative of 3*i**4/4 - i**3 - i**2/2 + 2*i + 3. Let q be w(2). Suppose y - q + 1 = 0. What is the tens digit of y?
1
Suppose -9*h + 1095 - 141 = 0. What is the units digit of h?
6
Let a(l) = l - 6. Let j be a(5). Let y be (-6 - j)/(2/2). Let s = y + 10. What is the units digit of s?
5
Let i(c) be the first derivative of -c**2/2 + c - 2. Let d be i(-3). Suppose -3*m + 2 = j - 11, -d*m + j = -15. What is the units digit of m?
4
Let v be -9*(-2)/(1*-6). Let m(i) = -4*i - 1 - 1 + 0. What is the tens digit of m(v)?
1
Let g = 49 + 6. What is the tens digit of g?
5
What is the tens digit of 2824/44 - 4/22?
6
Suppose -23 = 3*r + 4*v - 60, 3*v = 12. Let p = -5 + r. Suppose 5*h = l + 17, 3*l + 0*l - 34 = -p*h. What is the units digit of l?
8
Let s = -3 + 6. Let b(a) = -a**2 - 9*a - 4. Let d(f) = -f**2 - 8*f - 4. Let u(n) = s*b(n) - 4*d(n). What is the units digit of u(-6)?
0
Let u = 2 + -1. What is the tens digit of 2/u + (1 - -7)?
1
Let x = 5 - 0. Suppose 2*w - r = -0*r + 56, x*r = 20. What is the units digit of w?
0
Suppose -4*s = -9*s + 50. Suppose -5*x + 15 = -s. What is the units digit of x?
5
Let m(v) = -v**3 + 6*v**2 + 5*v + 1. What is the tens digit of m(6)?
3
Let m be 2/(-4) - (-50)/4. Suppose z - 4*g + m = -0*g, 3*z = 3*g. What is the units digit of z?
4
Suppose -765 = -5*x - 3*n, -x + 3*x - 306 = n. What is the units digit of x?
3
Let y(k) = -k + 12. Let c be y(6). What is the units digit of c - -28 - (3 - 1)?
2
Let x(g) = -2*g - 4. Let n = -4 - -1. Let d be x(n). Suppose a + 0*p + 5*p + 14 = 0, 0 = -a - 2*p - d. What is the units digit of a?
6
Let o(n) = n**2 + 4*n + 2. Let t be o(-7). Suppose -5*l - m = -2*m - 75, 3*l - t = 5*m. What is the tens digit of l?
1
Let s be 0*1/3 + 7. Let m(n) = n**2 - 5*n - 5. Let v be m(s). What is the units digit of ((-6)/v)/(1/(-6))?
4
Suppose -d - 6*h = -h + 13, -5*d + 3*h + 19 = 0. Suppose 2 = d*y - 4. Suppose 4*r - y*m = -0*r + 20, -m + 4 = 4*r. What is the units digit of r?
2
What is the hundreds digit of (-12)/(-8) + (-474)/(-4)?
1
Suppose -g + 5*o = -22, 5*o + 14 = -11. Let u be (1/(-2))/(1/(-8)). Let w = u + g. What is the units digit of w?
1
Let p(j) = j**2 + 4*j - 8. Let n(f) = f**2 - 2. Let m be n(-2). Suppose 5 = -y - m. What is the tens digit of p(y)?
1
Let v(r) = -r - 5. Let i(a) = -a + 11. Let p be i(6). Let y(l) = 2*l + 11. Let k(m) = p*v(m) + 3*y(m). What is the units digit of k(-5)?
3
Let u = 229 + -18. What is the hundreds digit of u?
2
Let p(g) = -10*g + 3. Let q be p(-5). Let w = q - 33. What is the units digit of w?
0
Let k be 1/((-2)/(-6) + 0). Suppose -19 = -5*y - 4. Suppose -k*p = y*g - 9, -3*p + 0*p = -g + 15. What is the units digit of g?
6
Let m = -6 - -14. What is the units digit of m?
8
Let u(q) = -41*q - 6. What is the units digit of u(-2)?
6
Let y(t) = 3 - 4 + 5 - 6*t - 3. What is the tens digit of y(-2)?
1
Suppose 7*k - 84 = 5*k. What is the units digit of k?
2
Suppose -3*w - 5*s + 13 = -17, 0 = w + 3*s - 10. What is the units digit of (12/w)/3*5?
2
Let i = 0 - 0. Suppose i*k + 2*a = -k + 32, 2*k - 85 = 3*a. What is the tens digit of k?
3
Suppose g = 8*g - 784. What is the hundreds digit of g?
1
Suppose 6*o - 64 = 2*o. Let g = o - -10. What is the tens digit of g?
2
Let g = -14 - -95. Let j = g + -39. What is the tens digit of 852/j + (-4)/14?
2
Let p(y) = 12*y**3 + 6*y - 1. Let t(q) = 12*q**3 + 7*q - 1. Let u(a) = 5*p(a) - 4*t(a). Let s be u(1). Suppose -1 + s = 3*h. What is the units digit of h?
4
Let j(q) = -21*q**3 + 3*q + 2. What is the tens digit of j(-1)?
2
Let p(x) be the second derivative of x**3/2 + x**2/2 + 3*x. What is the tens digit of p(6)?
1
Let x(t) = -t + 1. Let v be x(-9). Let d = v - 5. What is the units digit of d?
5
Let i(r) = 6*r**2 + 3*r. Let k be i(-2). What is the units digit of ((-60)/k)/((-4)/6)?
5
Suppose 5*r = -5*p + 210, p - 54 = r - 6*r. What is the tens digit of p?
3
Let b(n) = -n**3 - 8*n**2 - 9. Let m be b(-8). What is the units digit of (-310)/(-18) + 2/m?
7
Suppose 3 = 4*m + 19. Let i = m + 10. What is the units digit of (i/(-4))/(6/(-8))?
2
Suppose -3*u - 46 = -2*u. Let n = u - -67. Suppose 3*j - n = 6. What is the units digit of j?
9
Suppose -8*i + 3*i = -10. Suppose -i*c = 12 - 42. What is the units digit of c?
5
Let h be (-4)/(-18) + 845/45. Let j = h - 8. Let a(f) = f**2 - 12*f + 13. What is the units digit of a(j)?
2
What is the units digit of (-2)/16 + (-2961)/(-72)?
1
Suppose -m + 2*u - 4 = 4*u, -u = -5*m - 9. Let c = m + 4. What is the units digit of c?
2
Let o = 45 + -13. Suppose -5*z + o = -z. What is the units digit of z?
8
Let j = -125 - -286. What is the units digit of j?
1
Let o = -50 - -74. Let f = -16 + o. What is the units digit of f?
8
Let q = 73 + -27. What is the units digit of q?
6
Suppose -4*c + 4 = -2*c, z = -3*c + 91. What is the tens digit of z?
8
Let h be (-1 + 4)*(-2)/3. What is the units digit of ((-1)/h)/((-1)/(-2))?
1
Let m be 91 + ((-12)/(-4) - 0). Suppose 5*w - 126 - m = 0. What is the tens digit of w?
4
Let d(y) = y + 3. Let b be d(-3). Suppose b*m + 5*m + 3*s - 122 = 0, -3*m + s = -62. Let w = m + -8. What is the units digit of w?
4
Let h(x) be the second derivative of -x**5/10 - x**4/2 + x**2/2 + 6*x. What is the units digit of h(-4)?
3
Let o(z) = -z + 5. Suppose -u + 27 = 4*j - 0*j, -23 = -4*u + j. Let a be o(u). Let c(l) = 3*l**2 + 2*l - 2. What is the units digit of c(a)?
6
Let a(n) = -6*n - 2. Let d be a(-2). Suppose 14 = -2*v - l, 4*l = -v - 3 - 11. Let t = v + d. What is the units digit of t?
4
Let p(n) = n**3 - n**2 + 6*n - 4. What is the tens digit of p(2)?
1
Let k(o) = 2*o**2 - 3*o - 3. Let s be k(3). Let p(y) be the first derivative of y**4/4 - 5*y**3/3 - 3*y**2 + 5*y - 3. What is the units digit of p(s)?
5
What is the hundreds digit of 32/208 - 5014/(-26)?
1
Let g = 14 + -12. Suppose 5*m - 41 = -3*o + g*o, 0 = -o - 2*m + 35. What is the tens digit of o?
3
What is the units digit of (-2)/4*-6 + -1 + -1?
1
What is the units digit of (-2 + -1 + 2)*-29?
9
Let t(d) = 1 + d - 4*d**2 - 4*d**3 + 3*d**2 + 0*d. Let u be t(-1). Suppose 26 - 2 = u*s. What is the units digit of s?
8
Suppose 4*o - 5 = l - 98, 66 = l + 5*o. What is the tens digit of l?
8
Suppose 2*u + w + 7 = 0, 5*u + 0*w = -5*w - 30. What is the units digit of (u*3)/(15/(-65))?
3
Let n = 697 - 496. What is the tens digit of n?
0
What is the units digit of (-12)/3 + 0 - -86?
2
Let b(u) = u**2 + u. Suppose -3 = -2*v - v. Let y be b(v). Suppose -6*t + 72 = -y*t. What is the tens digit of t?
1
Let h = 94 + -50. What is the tens digit of h?
4
Let p be 1 - (2 - -2) - 4. Let l = 12 + p. What is the units digit of l?
5
Suppose -34 - 56 = -2*s. Suppose -2*m = 3*m - s. What is the tens digit of (-2)/3 - (-96)/m?
1
Let d(i) = i**3 - 2*i + 4. What is the units digit of d(5)?
9
Let m = -5 + 8. Let n = m + -7. Let r = n + 6. What is the units digit of r?
2
Let w be (1/2)/(9/54). Let z = 24 + w. What is the tens digit of z?
2
Suppose -4*y - s + 48 + 13 = 0, -3*y + 5*s = -63. What is the tens digit of y?
1
Let n(j) = -7*j - 1. Let z(y) = -20*y - 2. Let x(i) = 17*n(i) - 6*z(i). Let r be x(9). Suppose g + 3*k = 5, r = g + 8*k - 4*k. What is the units digit of g?
8
Let u = -3 - -4. Suppose j - 3 = -u. Suppose -41 = -3*y + c, -2*y + j*c + 24 = -10. What is the units digit of y?
2
Suppose r = -2*m - 4 - 0, m = -5*r + 16. Let u be (-5)/5 + 1*r. Suppose d - 1 = -0, u*x - 2*d = 52. What is the tens digit of x?
1
What is the tens digit of 1/6 + -689*(-4)/24?
1
Suppose -5*i + 20 = 0, 3*b 